{"id":367,"date":"2023-12-11T11:51:00","date_gmt":"2023-12-11T11:51:00","guid":{"rendered":"https:\/\/baaa0gi.myraidbox.de\/?post_type=product&#038;p=367"},"modified":"2024-04-11T12:45:19","modified_gmt":"2024-04-11T12:45:19","slug":"weissfeinkalk","status":"publish","type":"product","link":"https:\/\/www.fels.de\/de\/product\/weissfeinkalk\/","title":{"rendered":"Wei\u00dffeinkalk"},"content":{"rendered":"\n<p><strong>Anwendung<\/strong><br><br>Hauptanwendungsgebiete von Fels Wei\u00dffeinkalken sind die Baustoffindustrie (Kalksandstein, Porenbeton, etc.), der Umweltschutz, die chemische Industrie sowie der Erdbau.<br><br><strong>Herstellung<\/strong><br><br>Im Anschluss an den Brennprozess werden St\u00fcckkalke mit verschiedenen Mahlanlagen und nachfolgender Sichtung zu Wei\u00dffeinkalken aufgemahlen, die Partikelgr\u00f6\u00dfen &lt; 0,1 mm besitzen. Durch geeignete Auswahl der St\u00fcckkalke nach Brenngrad und K\u00f6rnung lassen sich definierte Reaktivit\u00e4ten der Wei\u00dffeinkalke einstellen.<\/p>\n","protected":false},"excerpt":{"rendered":"<p>Hauptanwendungsgebiete von Fels Wei\u00dffeinkalken sind die Baustoffindustrie (Kalksandstein, Porenbeton, etc.), der Umweltschutz, die Chemische Industrie sowie der Erdbau.<\/p>\n","protected":false},"featured_media":949,"template":"","product_category":[10],"class_list":["post-367","product","type-product","status-publish","has-post-thumbnail","hentry","product_category-02-kalkprodukte"],"acf":[],"yoast_head":"<!-- This site is optimized with the Yoast SEO plugin v27.5 - https:\/\/yoast.com\/product\/yoast-seo-wordpress\/ -->\n<title>Wei\u00dffeinkalk - Fels Werke<\/title>\n<meta name=\"robots\" content=\"index, follow, max-snippet:-1, max-image-preview:large, max-video-preview:-1\" \/>\n<link rel=\"canonical\" href=\"https:\/\/www.fels.de\/de\/product\/weissfeinkalk\/\" \/>\n<meta property=\"og:locale\" content=\"de_DE\" \/>\n<meta property=\"og:type\" content=\"article\" \/>\n<meta property=\"og:title\" content=\"Wei\u00dffeinkalk - Fels Werke\" \/>\n<meta property=\"og:description\" content=\"Hauptanwendungsgebiete von Fels Wei\u00dffeinkalken sind die Baustoffindustrie (Kalksandstein, Porenbeton, etc.), der Umweltschutz, die Chemische Industrie sowie der Erdbau.\" \/>\n<meta property=\"og:url\" content=\"https:\/\/www.fels.de\/de\/product\/weissfeinkalk\/\" \/>\n<meta property=\"og:site_name\" content=\"Fels Werke\" \/>\n<meta property=\"article:publisher\" content=\"https:\/\/www.facebook.com\/FelsWerkeGmbH\/\" \/>\n<meta property=\"article:modified_time\" content=\"2024-04-11T12:45:19+00:00\" \/>\n<meta property=\"og:image\" content=\"https:\/\/www.fels.de\/wp-content\/uploads\/2022\/07\/02-2_Titel_Gebrannter_Kalk_Weissfeinkalk.jpg\" \/>\n\t<meta property=\"og:image:width\" content=\"1440\" \/>\n\t<meta property=\"og:image:height\" content=\"720\" \/>\n\t<meta property=\"og:image:type\" content=\"image\/jpeg\" \/>\n<meta name=\"twitter:card\" content=\"summary_large_image\" \/>\n<meta name=\"twitter:label1\" content=\"Gesch\u00e4tzte Lesezeit\" \/>\n\t<meta name=\"twitter:data1\" content=\"1\u00a0Minute\" \/>\n<script type=\"application\/ld+json\" class=\"yoast-schema-graph\">{\"@context\":\"https:\\\/\\\/schema.org\",\"@graph\":[{\"@type\":\"WebPage\",\"@id\":\"https:\\\/\\\/www.fels.de\\\/de\\\/product\\\/weissfeinkalk\\\/\",\"url\":\"https:\\\/\\\/www.fels.de\\\/de\\\/product\\\/weissfeinkalk\\\/\",\"name\":\"Wei\u00dffeinkalk - Fels Werke\",\"isPartOf\":{\"@id\":\"https:\\\/\\\/www.fels.de\\\/de\\\/#website\"},\"primaryImageOfPage\":{\"@id\":\"https:\\\/\\\/www.fels.de\\\/de\\\/product\\\/weissfeinkalk\\\/#primaryimage\"},\"image\":{\"@id\":\"https:\\\/\\\/www.fels.de\\\/de\\\/product\\\/weissfeinkalk\\\/#primaryimage\"},\"thumbnailUrl\":\"https:\\\/\\\/www.fels.de\\\/wp-content\\\/uploads\\\/2022\\\/07\\\/02-2_Titel_Gebrannter_Kalk_Weissfeinkalk.jpg\",\"datePublished\":\"2023-12-11T11:51:00+00:00\",\"dateModified\":\"2024-04-11T12:45:19+00:00\",\"inLanguage\":\"de\",\"potentialAction\":[{\"@type\":\"ReadAction\",\"target\":[\"https:\\\/\\\/www.fels.de\\\/de\\\/product\\\/weissfeinkalk\\\/\"]}]},{\"@type\":\"ImageObject\",\"inLanguage\":\"de\",\"@id\":\"https:\\\/\\\/www.fels.de\\\/de\\\/product\\\/weissfeinkalk\\\/#primaryimage\",\"url\":\"https:\\\/\\\/www.fels.de\\\/wp-content\\\/uploads\\\/2022\\\/07\\\/02-2_Titel_Gebrannter_Kalk_Weissfeinkalk.jpg\",\"contentUrl\":\"https:\\\/\\\/www.fels.de\\\/wp-content\\\/uploads\\\/2022\\\/07\\\/02-2_Titel_Gebrannter_Kalk_Weissfeinkalk.jpg\",\"width\":1440,\"height\":720},{\"@type\":\"WebSite\",\"@id\":\"https:\\\/\\\/www.fels.de\\\/de\\\/#website\",\"url\":\"https:\\\/\\\/www.fels.de\\\/de\\\/\",\"name\":\"Fels Werke\",\"description\":\"\",\"publisher\":{\"@id\":\"https:\\\/\\\/www.fels.de\\\/de\\\/#organization\"},\"potentialAction\":[{\"@type\":\"SearchAction\",\"target\":{\"@type\":\"EntryPoint\",\"urlTemplate\":\"https:\\\/\\\/www.fels.de\\\/de\\\/?s={search_term_string}\"},\"query-input\":{\"@type\":\"PropertyValueSpecification\",\"valueRequired\":true,\"valueName\":\"search_term_string\"}}],\"inLanguage\":\"de\"},{\"@type\":\"Organization\",\"@id\":\"https:\\\/\\\/www.fels.de\\\/de\\\/#organization\",\"name\":\"Fels Vertriebs und Service GmbH & Co. KG\",\"url\":\"https:\\\/\\\/www.fels.de\\\/de\\\/\",\"logo\":{\"@type\":\"ImageObject\",\"inLanguage\":\"de\",\"@id\":\"https:\\\/\\\/www.fels.de\\\/de\\\/#\\\/schema\\\/logo\\\/image\\\/\",\"url\":\"https:\\\/\\\/www.fels.de\\\/wp-content\\\/uploads\\\/2023\\\/12\\\/Fels_Logo_de_rgb.svg\",\"contentUrl\":\"https:\\\/\\\/www.fels.de\\\/wp-content\\\/uploads\\\/2023\\\/12\\\/Fels_Logo_de_rgb.svg\",\"width\":\"1024\",\"height\":\"1024\",\"caption\":\"Fels Vertriebs und Service GmbH & Co. KG\"},\"image\":{\"@id\":\"https:\\\/\\\/www.fels.de\\\/de\\\/#\\\/schema\\\/logo\\\/image\\\/\"},\"sameAs\":[\"https:\\\/\\\/www.facebook.com\\\/FelsWerkeGmbH\\\/\",\"https:\\\/\\\/www.xing.com\\\/pages\\\/fels-werkegmbh\",\"https:\\\/\\\/www.youtube.com\\\/channel\\\/UCCMuLAEi1GZRT7B8S7IvHaA\",\"https:\\\/\\\/de.linkedin.com\\\/company\\\/fels-werke-gmbh\"]}]}<\/script>\n<!-- \/ Yoast SEO plugin. -->","yoast_head_json":{"title":"Wei\u00dffeinkalk - Fels Werke","robots":{"index":"index","follow":"follow","max-snippet":"max-snippet:-1","max-image-preview":"max-image-preview:large","max-video-preview":"max-video-preview:-1"},"canonical":"https:\/\/www.fels.de\/de\/product\/weissfeinkalk\/","og_locale":"de_DE","og_type":"article","og_title":"Wei\u00dffeinkalk - Fels Werke","og_description":"Hauptanwendungsgebiete von Fels Wei\u00dffeinkalken sind die Baustoffindustrie (Kalksandstein, Porenbeton, etc.), der Umweltschutz, die Chemische Industrie sowie der Erdbau.","og_url":"https:\/\/www.fels.de\/de\/product\/weissfeinkalk\/","og_site_name":"Fels Werke","article_publisher":"https:\/\/www.facebook.com\/FelsWerkeGmbH\/","article_modified_time":"2024-04-11T12:45:19+00:00","og_image":[{"width":1440,"height":720,"url":"https:\/\/www.fels.de\/wp-content\/uploads\/2022\/07\/02-2_Titel_Gebrannter_Kalk_Weissfeinkalk.jpg","type":"image\/jpeg"}],"twitter_card":"summary_large_image","twitter_misc":{"Gesch\u00e4tzte Lesezeit":"1\u00a0Minute"},"schema":{"@context":"https:\/\/schema.org","@graph":[{"@type":"WebPage","@id":"https:\/\/www.fels.de\/de\/product\/weissfeinkalk\/","url":"https:\/\/www.fels.de\/de\/product\/weissfeinkalk\/","name":"Wei\u00dffeinkalk - Fels Werke","isPartOf":{"@id":"https:\/\/www.fels.de\/de\/#website"},"primaryImageOfPage":{"@id":"https:\/\/www.fels.de\/de\/product\/weissfeinkalk\/#primaryimage"},"image":{"@id":"https:\/\/www.fels.de\/de\/product\/weissfeinkalk\/#primaryimage"},"thumbnailUrl":"https:\/\/www.fels.de\/wp-content\/uploads\/2022\/07\/02-2_Titel_Gebrannter_Kalk_Weissfeinkalk.jpg","datePublished":"2023-12-11T11:51:00+00:00","dateModified":"2024-04-11T12:45:19+00:00","inLanguage":"de","potentialAction":[{"@type":"ReadAction","target":["https:\/\/www.fels.de\/de\/product\/weissfeinkalk\/"]}]},{"@type":"ImageObject","inLanguage":"de","@id":"https:\/\/www.fels.de\/de\/product\/weissfeinkalk\/#primaryimage","url":"https:\/\/www.fels.de\/wp-content\/uploads\/2022\/07\/02-2_Titel_Gebrannter_Kalk_Weissfeinkalk.jpg","contentUrl":"https:\/\/www.fels.de\/wp-content\/uploads\/2022\/07\/02-2_Titel_Gebrannter_Kalk_Weissfeinkalk.jpg","width":1440,"height":720},{"@type":"WebSite","@id":"https:\/\/www.fels.de\/de\/#website","url":"https:\/\/www.fels.de\/de\/","name":"Fels Werke","description":"","publisher":{"@id":"https:\/\/www.fels.de\/de\/#organization"},"potentialAction":[{"@type":"SearchAction","target":{"@type":"EntryPoint","urlTemplate":"https:\/\/www.fels.de\/de\/?s={search_term_string}"},"query-input":{"@type":"PropertyValueSpecification","valueRequired":true,"valueName":"search_term_string"}}],"inLanguage":"de"},{"@type":"Organization","@id":"https:\/\/www.fels.de\/de\/#organization","name":"Fels Vertriebs und Service GmbH & Co. KG","url":"https:\/\/www.fels.de\/de\/","logo":{"@type":"ImageObject","inLanguage":"de","@id":"https:\/\/www.fels.de\/de\/#\/schema\/logo\/image\/","url":"https:\/\/www.fels.de\/wp-content\/uploads\/2023\/12\/Fels_Logo_de_rgb.svg","contentUrl":"https:\/\/www.fels.de\/wp-content\/uploads\/2023\/12\/Fels_Logo_de_rgb.svg","width":"1024","height":"1024","caption":"Fels Vertriebs und Service GmbH & Co. KG"},"image":{"@id":"https:\/\/www.fels.de\/de\/#\/schema\/logo\/image\/"},"sameAs":["https:\/\/www.facebook.com\/FelsWerkeGmbH\/","https:\/\/www.xing.com\/pages\/fels-werkegmbh","https:\/\/www.youtube.com\/channel\/UCCMuLAEi1GZRT7B8S7IvHaA","https:\/\/de.linkedin.com\/company\/fels-werke-gmbh"]}]}},"_links":{"self":[{"href":"https:\/\/www.fels.de\/de\/wp-json\/wp\/v2\/product\/367","targetHints":{"allow":["GET"]}}],"collection":[{"href":"https:\/\/www.fels.de\/de\/wp-json\/wp\/v2\/product"}],"about":[{"href":"https:\/\/www.fels.de\/de\/wp-json\/wp\/v2\/types\/product"}],"wp:featuredmedia":[{"embeddable":true,"href":"https:\/\/www.fels.de\/de\/wp-json\/wp\/v2\/media\/949"}],"wp:attachment":[{"href":"https:\/\/www.fels.de\/de\/wp-json\/wp\/v2\/media?parent=367"}],"wp:term":[{"taxonomy":"product_category","embeddable":true,"href":"https:\/\/www.fels.de\/de\/wp-json\/wp\/v2\/product_category?post=367"}],"curies":[{"name":"wp","href":"https:\/\/api.w.org\/{rel}","templated":true}]}}

Weißfeinkalk

<p><strong>Anwendung</strong><br><br>Hauptanwendungsgebiete von Fels Weißfeinkalken sind die Baustoffindustrie (Kalksandstein, Porenbeton, etc.), der Umweltschutz, die chemische Industrie sowie der Erdbau.<br><br><strong>Herstellung</strong><br><br>Im Anschluss an den Brennprozess werden Stückkalke mit verschiedenen Mahlanlagen und nachfolgender Sichtung zu Weißfeinkalken aufgemahlen, die Partikelgrößen &lt; 0,1 mm besitzen. Durch geeignete Auswahl der Stückkalke nach Brenngrad und Körnung lassen sich definierte Reaktivitäten der Weißfeinkalke einstellen.</p>

<p>Hauptanwendungsgebiete von Fels Weißfeinkalken sind die Baustoffindustrie (Kalksandstein, Porenbeton, etc.), der Umweltschutz, die Chemische Industrie sowie der Erdbau.</p>

<!-- This site is optimized with the Yoast SEO plugin v27.5 - https://yoast.com/product/yoast-seo-wordpress/ -->
<title>Weißfeinkalk - Fels Werke</title>
<meta name="robots" content="index, follow, max-snippet:-1, max-image-preview:large, max-video-preview:-1" />
<link rel="canonical" href="https://www.fels.de/de/product/weissfeinkalk/" />
<meta property="og:locale" content="de_DE" />
<meta property="og:type" content="article" />
<meta property="og:title" content="Weißfeinkalk - Fels Werke" />
<meta property="og:description" content="Hauptanwendungsgebiete von Fels Weißfeinkalken sind die Baustoffindustrie (Kalksandstein, Porenbeton, etc.), der Umweltschutz, die Chemische Industrie sowie der Erdbau." />
<meta property="og:url" content="https://www.fels.de/de/product/weissfeinkalk/" />
<meta property="og:site_name" content="Fels Werke" />
<meta property="article:publisher" content="https://www.facebook.com/FelsWerkeGmbH/" />
<meta property="article:modified_time" content="2024-04-11T12:45:19+00:00" />
<meta property="og:image" content="https://www.fels.de/wp-content/uploads/2022/07/02-2_Titel_Gebrannter_Kalk_Weissfeinkalk.jpg" />
	<meta property="og:image:width" content="1440" />
	<meta property="og:image:height" content="720" />
	<meta property="og:image:type" content="image/jpeg" />
<meta name="twitter:card" content="summary_large_image" />
<meta name="twitter:label1" content="Geschätzte Lesezeit" />
	<meta name="twitter:data1" content="1 Minute" />
<script type="application/ld+json" class="yoast-schema-graph">{"@context":"https:\/\/schema.org","@graph":[{"@type":"WebPage","@id":"https:\/\/www.fels.de\/de\/product\/weissfeinkalk\/","url":"https:\/\/www.fels.de\/de\/product\/weissfeinkalk\/","name":"Weißfeinkalk - Fels Werke","isPartOf":{"@id":"https:\/\/www.fels.de\/de\/#website"},"primaryImageOfPage":{"@id":"https:\/\/www.fels.de\/de\/product\/weissfeinkalk\/#primaryimage"},"image":{"@id":"https:\/\/www.fels.de\/de\/product\/weissfeinkalk\/#primaryimage"},"thumbnailUrl":"https:\/\/www.fels.de\/wp-content\/uploads\/2022\/07\/02-2_Titel_Gebrannter_Kalk_Weissfeinkalk.jpg","datePublished":"2023-12-11T11:51:00+00:00","dateModified":"2024-04-11T12:45:19+00:00","inLanguage":"de","potentialAction":[{"@type":"ReadAction","target":["https:\/\/www.fels.de\/de\/product\/weissfeinkalk\/"]}]},{"@type":"ImageObject","inLanguage":"de","@id":"https:\/\/www.fels.de\/de\/product\/weissfeinkalk\/#primaryimage","url":"https:\/\/www.fels.de\/wp-content\/uploads\/2022\/07\/02-2_Titel_Gebrannter_Kalk_Weissfeinkalk.jpg","contentUrl":"https:\/\/www.fels.de\/wp-content\/uploads\/2022\/07\/02-2_Titel_Gebrannter_Kalk_Weissfeinkalk.jpg","width":1440,"height":720},{"@type":"WebSite","@id":"https:\/\/www.fels.de\/de\/#website","url":"https:\/\/www.fels.de\/de\/","name":"Fels Werke","description":"","publisher":{"@id":"https:\/\/www.fels.de\/de\/#organization"},"potentialAction":[{"@type":"SearchAction","target":{"@type":"EntryPoint","urlTemplate":"https:\/\/www.fels.de\/de\/?s={search_term_string}"},"query-input":{"@type":"PropertyValueSpecification","valueRequired":true,"valueName":"search_term_string"}}],"inLanguage":"de"},{"@type":"Organization","@id":"https:\/\/www.fels.de\/de\/#organization","name":"Fels Vertriebs und Service GmbH & Co. KG","url":"https:\/\/www.fels.de\/de\/","logo":{"@type":"ImageObject","inLanguage":"de","@id":"https:\/\/www.fels.de\/de\/#\/schema\/logo\/image\/","url":"https:\/\/www.fels.de\/wp-content\/uploads\/2023\/12\/Fels_Logo_de_rgb.svg","contentUrl":"https:\/\/www.fels.de\/wp-content\/uploads\/2023\/12\/Fels_Logo_de_rgb.svg","width":"1024","height":"1024","caption":"Fels Vertriebs und Service GmbH & Co. KG"},"image":{"@id":"https:\/\/www.fels.de\/de\/#\/schema\/logo\/image\/"},"sameAs":["https:\/\/www.facebook.com\/FelsWerkeGmbH\/","https:\/\/www.xing.com\/pages\/fels-werkegmbh","https:\/\/www.youtube.com\/channel\/UCCMuLAEi1GZRT7B8S7IvHaA","https:\/\/de.linkedin.com\/company\/fels-werke-gmbh"]}]}</script>
<!-- / Yoast SEO plugin. -->

Weißfeinkalk - Fels Werke

Hauptanwendungsgebiete von Fels Weißfeinkalken sind die Baustoffindustrie (Kalksandstein, Porenbeton, etc.), der Umweltschutz, die Chemische Industrie sowie der Erdbau.
